{"id":189,"date":"2024-06-03T18:54:47","date_gmt":"2024-06-03T18:54:47","guid":{"rendered":"http:\/\/localhost\/wordpress\/?page_id=189"},"modified":"2025-04-22T10:28:23","modified_gmt":"2025-04-22T10:28:23","slug":"productos","status":"publish","type":"page","link":"https:\/\/cintatex.com.ar\/principal\/productos\/","title":{"rendered":"Productos"},"content":{"rendered":"\t\t<div data-elementor-type=\"wp-page\" data-elementor-id=\"189\" class=\"elementor elementor-189\" data-elementor-post-type=\"page\">\n\t\t\t\t<div class=\"elementor-element elementor-element-55a5e98 e-flex e-con-boxed e-con e-parent\" data-id=\"55a5e98\" data-element_type=\"container\" data-e-type=\"container\">\n\t\t\t\t\t<div class=\"e-con-inner\">\n\t\t\t\t<div class=\"elementor-element elementor-element-7191681 elementor-widget elementor-widget-heading\" data-id=\"7191681\" data-element_type=\"widget\" data-e-type=\"widget\" data-widget_type=\"heading.default\">\n\t\t\t\t<div class=\"elementor-widget-container\">\n\t\t\t\t\t<h1 class=\"elementor-heading-title elementor-size-default\">PRODUCTOS<\/h1>\t\t\t\t<\/div>\n\t\t\t\t<\/div>\n\t\t\t\t<div class=\"elementor-element elementor-element-f4b4173 elementor-widget elementor-widget-text-editor\" data-id=\"f4b4173\" data-element_type=\"widget\" data-e-type=\"widget\" data-widget_type=\"text-editor.default\">\n\t\t\t\t<div class=\"elementor-widget-container\">\n\t\t\t\t\t\t\t\t\t<p>Agreg\u00e1 productos a tu carrito y envianos tu pedido. Nosotros te vamos a enviar tu presupuesto a la brevedad.<\/p>\t\t\t\t\t\t\t\t<\/div>\n\t\t\t\t<\/div>\n\t\t\t\t<div class=\"elementor-element elementor-element-05e6f18 elementor-product-loop-item--align-center elementor-grid-mobile-1 elementor-grid-4 elementor-grid-tablet-3 elementor-products-grid elementor-wc-products elementor-widget elementor-widget-woocommerce-products\" data-id=\"05e6f18\" data-element_type=\"widget\" data-e-type=\"widget\" data-widget_type=\"woocommerce-products.default\">\n\t\t\t\t<div class=\"elementor-widget-container\">\n\t\t\t\t\t<div class=\"woocommerce columns-4 \"><ul class=\"products elementor-grid columns-4\" data-products=\"type-1\" data-hover=\"zoom-out\">\n<li class=\"product type-product post-1548 status-publish first instock product_cat-cintas has-post-thumbnail featured shipping-taxable purchasable product-type-variable\">\n\t<a href=\"https:\/\/cintatex.com.ar\/principal\/producto\/raso-doble-faz\/\" class=\"woocommerce-LoopProduct-link woocommerce-loop-product__link\"><img fetchpriority=\"high\" decoding=\"async\" width=\"300\" height=\"300\" src=\"https:\/\/cintatex.com.ar\/principal\/wp-content\/uploads\/2024\/05\/portada-raso-doble-faz-1-300x300.jpg\" class=\"attachment-woocommerce_thumbnail size-woocommerce_thumbnail\" alt=\"RASO DOBLE FAZ\" srcset=\"https:\/\/cintatex.com.ar\/principal\/wp-content\/uploads\/2024\/05\/portada-raso-doble-faz-1-300x300.jpg 300w, https:\/\/cintatex.com.ar\/principal\/wp-content\/uploads\/2024\/05\/portada-raso-doble-faz-1-100x100.jpg 100w\" sizes=\"(max-width: 300px) 100vw, 300px\" \/><h2 class=\"woocommerce-loop-product__title\">RASO DOBLE FAZ<\/h2>\n\t<span class=\"price\"><span class=\"woocommerce-Price-amount amount\"><bdi><span class=\"woocommerce-Price-currencySymbol\">&#36;<\/span>&nbsp;0,00<\/bdi><\/span><\/span>\n<\/a><a href=\"https:\/\/cintatex.com.ar\/principal\/producto\/raso-doble-faz\/\" aria-describedby=\"woocommerce_loop_add_to_cart_link_describedby_1548\" data-quantity=\"1\" class=\"button product_type_variable add_to_cart_button\" data-product_id=\"1548\" data-product_sku=\"\" aria-label=\"Eleg\u00ed las opciones para &ldquo;RASO DOBLE FAZ&rdquo;\" rel=\"nofollow\">Seleccionar opciones<\/a>\t<span id=\"woocommerce_loop_add_to_cart_link_describedby_1548\" class=\"screen-reader-text\">\n\t\tThis product has multiple variants. The options may be chosen on the product page\t<\/span>\n<\/li>\n<li class=\"product type-product post-1763 status-publish instock product_cat-cintas product_cat-uncategorized has-post-thumbnail featured shipping-taxable purchasable product-type-variable\">\n\t<a href=\"https:\/\/cintatex.com.ar\/principal\/producto\/falletina\/\" class=\"woocommerce-LoopProduct-link woocommerce-loop-product__link\"><img decoding=\"async\" width=\"300\" height=\"300\" src=\"https:\/\/cintatex.com.ar\/principal\/wp-content\/uploads\/2024\/06\/portada-falletina-300x300.jpg\" class=\"attachment-woocommerce_thumbnail size-woocommerce_thumbnail\" alt=\"FALLETINA\" srcset=\"https:\/\/cintatex.com.ar\/principal\/wp-content\/uploads\/2024\/06\/portada-falletina-300x300.jpg 300w, https:\/\/cintatex.com.ar\/principal\/wp-content\/uploads\/2024\/06\/portada-falletina-100x100.jpg 100w\" sizes=\"(max-width: 300px) 100vw, 300px\" \/><h2 class=\"woocommerce-loop-product__title\">FALLETINA<\/h2>\n\t<span class=\"price\"><span class=\"woocommerce-Price-amount amount\"><bdi><span class=\"woocommerce-Price-currencySymbol\">&#36;<\/span>&nbsp;0,00<\/bdi><\/span><\/span>\n<\/a><a href=\"https:\/\/cintatex.com.ar\/principal\/producto\/falletina\/\" aria-describedby=\"woocommerce_loop_add_to_cart_link_describedby_1763\" data-quantity=\"1\" class=\"button product_type_variable add_to_cart_button\" data-product_id=\"1763\" data-product_sku=\"999\" aria-label=\"Eleg\u00ed las opciones para &ldquo;FALLETINA&rdquo;\" rel=\"nofollow\">Seleccionar opciones<\/a>\t<span id=\"woocommerce_loop_add_to_cart_link_describedby_1763\" class=\"screen-reader-text\">\n\t\tThis product has multiple variants. The options may be chosen on the product page\t<\/span>\n<\/li>\n<li class=\"product type-product post-822 status-publish instock product_cat-uncategorized has-post-thumbnail featured shipping-taxable purchasable product-type-variable\">\n\t<a href=\"https:\/\/cintatex.com.ar\/principal\/producto\/pasamaneria-con-lurex-copy\/\" class=\"woocommerce-LoopProduct-link woocommerce-loop-product__link\"><img decoding=\"async\" width=\"300\" height=\"300\" src=\"https:\/\/cintatex.com.ar\/principal\/wp-content\/uploads\/2024\/06\/portada-gros-300x300.jpg\" class=\"attachment-woocommerce_thumbnail size-woocommerce_thumbnail\" alt=\"GROS\" srcset=\"https:\/\/cintatex.com.ar\/principal\/wp-content\/uploads\/2024\/06\/portada-gros-300x300.jpg 300w, https:\/\/cintatex.com.ar\/principal\/wp-content\/uploads\/2024\/06\/portada-gros-100x100.jpg 100w\" sizes=\"(max-width: 300px) 100vw, 300px\" \/><h2 class=\"woocommerce-loop-product__title\">GROS<\/h2>\n\t<span class=\"price\"><span class=\"woocommerce-Price-amount amount\"><bdi><span class=\"woocommerce-Price-currencySymbol\">&#36;<\/span>&nbsp;0,00<\/bdi><\/span><\/span>\n<\/a><a href=\"https:\/\/cintatex.com.ar\/principal\/producto\/pasamaneria-con-lurex-copy\/\" aria-describedby=\"woocommerce_loop_add_to_cart_link_describedby_822\" data-quantity=\"1\" class=\"button product_type_variable add_to_cart_button\" data-product_id=\"822\" data-product_sku=\"\" aria-label=\"Eleg\u00ed las opciones para &ldquo;GROS&rdquo;\" rel=\"nofollow\">Seleccionar opciones<\/a>\t<span id=\"woocommerce_loop_add_to_cart_link_describedby_822\" class=\"screen-reader-text\">\n\t\tThis product has multiple variants. The options may be chosen on the product page\t<\/span>\n<\/li>\n<li class=\"product type-product post-875 status-publish last instock product_cat-uncategorized has-post-thumbnail shipping-taxable purchasable product-type-variable\">\n\t<a href=\"https:\/\/cintatex.com.ar\/principal\/producto\/bandera\/\" class=\"woocommerce-LoopProduct-link woocommerce-loop-product__link\"><img loading=\"lazy\" decoding=\"async\" width=\"300\" height=\"300\" src=\"https:\/\/cintatex.com.ar\/principal\/wp-content\/uploads\/2024\/06\/portada-cinta-bandera-300x300.jpg\" class=\"attachment-woocommerce_thumbnail size-woocommerce_thumbnail\" alt=\"BANDERA\" srcset=\"https:\/\/cintatex.com.ar\/principal\/wp-content\/uploads\/2024\/06\/portada-cinta-bandera-300x300.jpg 300w, https:\/\/cintatex.com.ar\/principal\/wp-content\/uploads\/2024\/06\/portada-cinta-bandera-100x100.jpg 100w\" sizes=\"(max-width: 300px) 100vw, 300px\" \/><h2 class=\"woocommerce-loop-product__title\">BANDERA<\/h2>\n\t<span class=\"price\"><span class=\"woocommerce-Price-amount amount\"><bdi><span class=\"woocommerce-Price-currencySymbol\">&#36;<\/span>&nbsp;0,00<\/bdi><\/span><\/span>\n<\/a><a href=\"https:\/\/cintatex.com.ar\/principal\/producto\/bandera\/\" aria-describedby=\"woocommerce_loop_add_to_cart_link_describedby_875\" data-quantity=\"1\" class=\"button product_type_variable add_to_cart_button\" data-product_id=\"875\" data-product_sku=\"\" aria-label=\"Eleg\u00ed las opciones para &ldquo;BANDERA&rdquo;\" rel=\"nofollow\">Seleccionar opciones<\/a>\t<span id=\"woocommerce_loop_add_to_cart_link_describedby_875\" class=\"screen-reader-text\">\n\t\tThis product has multiple variants. The options may be chosen on the product page\t<\/span>\n<\/li>\n<li class=\"product type-product post-1291 status-publish first instock product_cat-cintas has-post-thumbnail shipping-taxable purchasable product-type-variable\">\n\t<a href=\"https:\/\/cintatex.com.ar\/principal\/producto\/bandera-con-lurex\/\" class=\"woocommerce-LoopProduct-link woocommerce-loop-product__link\"><img loading=\"lazy\" decoding=\"async\" width=\"300\" height=\"300\" src=\"https:\/\/cintatex.com.ar\/principal\/wp-content\/uploads\/2024\/06\/bandera-con-lurex-portada-300x300.jpg\" class=\"attachment-woocommerce_thumbnail size-woocommerce_thumbnail\" alt=\"BANDERA CON L\u00daREX\" srcset=\"https:\/\/cintatex.com.ar\/principal\/wp-content\/uploads\/2024\/06\/bandera-con-lurex-portada-300x300.jpg 300w, https:\/\/cintatex.com.ar\/principal\/wp-content\/uploads\/2024\/06\/bandera-con-lurex-portada-100x100.jpg 100w\" sizes=\"(max-width: 300px) 100vw, 300px\" \/><h2 class=\"woocommerce-loop-product__title\">BANDERA CON L\u00daREX<\/h2>\n\t<span class=\"price\"><span class=\"woocommerce-Price-amount amount\"><bdi><span class=\"woocommerce-Price-currencySymbol\">&#36;<\/span>&nbsp;0,00<\/bdi><\/span><\/span>\n<\/a><a href=\"https:\/\/cintatex.com.ar\/principal\/producto\/bandera-con-lurex\/\" aria-describedby=\"woocommerce_loop_add_to_cart_link_describedby_1291\" data-quantity=\"1\" class=\"button product_type_variable add_to_cart_button\" data-product_id=\"1291\" data-product_sku=\"\" aria-label=\"Eleg\u00ed las opciones para &ldquo;BANDERA CON L\u00daREX&rdquo;\" rel=\"nofollow\">Seleccionar opciones<\/a>\t<span id=\"woocommerce_loop_add_to_cart_link_describedby_1291\" class=\"screen-reader-text\">\n\t\tThis product has multiple variants. The options may be chosen on the product page\t<\/span>\n<\/li>\n<li class=\"product type-product post-665 status-publish instock product_cat-uncategorized has-post-thumbnail shipping-taxable purchasable product-type-variable\">\n\t<a href=\"https:\/\/cintatex.com.ar\/principal\/producto\/organza\/\" class=\"woocommerce-LoopProduct-link woocommerce-loop-product__link\"><img loading=\"lazy\" decoding=\"async\" width=\"300\" height=\"300\" src=\"https:\/\/cintatex.com.ar\/principal\/wp-content\/uploads\/2024\/06\/portada-organza-300x300.jpg\" class=\"attachment-woocommerce_thumbnail size-woocommerce_thumbnail\" alt=\"ORGANZA\" srcset=\"https:\/\/cintatex.com.ar\/principal\/wp-content\/uploads\/2024\/06\/portada-organza-300x300.jpg 300w, https:\/\/cintatex.com.ar\/principal\/wp-content\/uploads\/2024\/06\/portada-organza-100x100.jpg 100w\" sizes=\"(max-width: 300px) 100vw, 300px\" \/><h2 class=\"woocommerce-loop-product__title\">ORGANZA<\/h2>\n\t<span class=\"price\"><span class=\"woocommerce-Price-amount amount\"><bdi><span class=\"woocommerce-Price-currencySymbol\">&#36;<\/span>&nbsp;0,00<\/bdi><\/span><\/span>\n<\/a><a href=\"https:\/\/cintatex.com.ar\/principal\/producto\/organza\/\" aria-describedby=\"woocommerce_loop_add_to_cart_link_describedby_665\" data-quantity=\"1\" class=\"button product_type_variable add_to_cart_button\" data-product_id=\"665\" data-product_sku=\"\" aria-label=\"Eleg\u00ed las opciones para &ldquo;ORGANZA&rdquo;\" rel=\"nofollow\">Seleccionar opciones<\/a>\t<span id=\"woocommerce_loop_add_to_cart_link_describedby_665\" class=\"screen-reader-text\">\n\t\tThis product has multiple variants. The options may be chosen on the product page\t<\/span>\n<\/li>\n<li class=\"product type-product post-611 status-publish instock product_cat-uncategorized has-post-thumbnail shipping-taxable purchasable product-type-variable\">\n\t<a href=\"https:\/\/cintatex.com.ar\/principal\/producto\/lurex\/\" class=\"woocommerce-LoopProduct-link woocommerce-loop-product__link\"><img loading=\"lazy\" decoding=\"async\" width=\"300\" height=\"300\" src=\"https:\/\/cintatex.com.ar\/principal\/wp-content\/uploads\/2024\/06\/portada-lurex-300x300.jpg\" class=\"attachment-woocommerce_thumbnail size-woocommerce_thumbnail\" alt=\"L\u00daREX\" srcset=\"https:\/\/cintatex.com.ar\/principal\/wp-content\/uploads\/2024\/06\/portada-lurex-300x300.jpg 300w, https:\/\/cintatex.com.ar\/principal\/wp-content\/uploads\/2024\/06\/portada-lurex-100x100.jpg 100w\" sizes=\"(max-width: 300px) 100vw, 300px\" \/><h2 class=\"woocommerce-loop-product__title\">L\u00daREX<\/h2>\n\t<span class=\"price\"><span class=\"woocommerce-Price-amount amount\"><bdi><span class=\"woocommerce-Price-currencySymbol\">&#36;<\/span>&nbsp;0,00<\/bdi><\/span><\/span>\n<\/a><a href=\"https:\/\/cintatex.com.ar\/principal\/producto\/lurex\/\" aria-describedby=\"woocommerce_loop_add_to_cart_link_describedby_611\" data-quantity=\"1\" class=\"button product_type_variable add_to_cart_button\" data-product_id=\"611\" data-product_sku=\"\" aria-label=\"Eleg\u00ed las opciones para &ldquo;L\u00daREX&rdquo;\" rel=\"nofollow\">Seleccionar opciones<\/a>\t<span id=\"woocommerce_loop_add_to_cart_link_describedby_611\" class=\"screen-reader-text\">\n\t\tThis product has multiple variants. The options may be chosen on the product page\t<\/span>\n<\/li>\n<li class=\"product type-product post-719 status-publish last instock product_cat-uncategorized has-post-thumbnail shipping-taxable purchasable product-type-variable\">\n\t<a href=\"https:\/\/cintatex.com.ar\/principal\/producto\/pasamaneria\/\" class=\"woocommerce-LoopProduct-link woocommerce-loop-product__link\"><img loading=\"lazy\" decoding=\"async\" width=\"300\" height=\"300\" src=\"https:\/\/cintatex.com.ar\/principal\/wp-content\/uploads\/2024\/06\/portada-pasamaneria-300x300.jpg\" class=\"attachment-woocommerce_thumbnail size-woocommerce_thumbnail\" alt=\"PASAMANER\u00cdA\" \/><h2 class=\"woocommerce-loop-product__title\">PASAMANER\u00cdA<\/h2>\n\t<span class=\"price\"><span class=\"woocommerce-Price-amount amount\"><bdi><span class=\"woocommerce-Price-currencySymbol\">&#36;<\/span>&nbsp;0,00<\/bdi><\/span><\/span>\n<\/a><a href=\"https:\/\/cintatex.com.ar\/principal\/producto\/pasamaneria\/\" aria-describedby=\"woocommerce_loop_add_to_cart_link_describedby_719\" data-quantity=\"1\" class=\"button product_type_variable add_to_cart_button\" data-product_id=\"719\" data-product_sku=\"\" aria-label=\"Eleg\u00ed las opciones para &ldquo;PASAMANER\u00cdA&rdquo;\" rel=\"nofollow\">Seleccionar opciones<\/a>\t<span id=\"woocommerce_loop_add_to_cart_link_describedby_719\" class=\"screen-reader-text\">\n\t\tThis product has multiple variants. The options may be chosen on the product page\t<\/span>\n<\/li>\n<li class=\"product type-product post-769 status-publish first instock product_cat-uncategorized has-post-thumbnail shipping-taxable purchasable product-type-variable\">\n\t<a href=\"https:\/\/cintatex.com.ar\/principal\/producto\/pasamaneria-con-lurex\/\" class=\"woocommerce-LoopProduct-link woocommerce-loop-product__link\"><img loading=\"lazy\" decoding=\"async\" width=\"300\" height=\"300\" src=\"https:\/\/cintatex.com.ar\/principal\/wp-content\/uploads\/2024\/06\/portada-pasamaneria-con-lurex-300x300.jpg\" class=\"attachment-woocommerce_thumbnail size-woocommerce_thumbnail\" alt=\"PASAMANER\u00cdA CON L\u00daREX\" srcset=\"https:\/\/cintatex.com.ar\/principal\/wp-content\/uploads\/2024\/06\/portada-pasamaneria-con-lurex-300x300.jpg 300w, https:\/\/cintatex.com.ar\/principal\/wp-content\/uploads\/2024\/06\/portada-pasamaneria-con-lurex-100x100.jpg 100w\" sizes=\"(max-width: 300px) 100vw, 300px\" \/><h2 class=\"woocommerce-loop-product__title\">PASAMANER\u00cdA CON L\u00daREX<\/h2>\n\t<span class=\"price\"><span class=\"woocommerce-Price-amount amount\"><bdi><span class=\"woocommerce-Price-currencySymbol\">&#36;<\/span>&nbsp;0,00<\/bdi><\/span><\/span>\n<\/a><a href=\"https:\/\/cintatex.com.ar\/principal\/producto\/pasamaneria-con-lurex\/\" aria-describedby=\"woocommerce_loop_add_to_cart_link_describedby_769\" data-quantity=\"1\" class=\"button product_type_variable add_to_cart_button\" data-product_id=\"769\" data-product_sku=\"\" aria-label=\"Eleg\u00ed las opciones para &ldquo;PASAMANER\u00cdA CON L\u00daREX&rdquo;\" rel=\"nofollow\">Seleccionar opciones<\/a>\t<span id=\"woocommerce_loop_add_to_cart_link_describedby_769\" class=\"screen-reader-text\">\n\t\tThis product has multiple variants. The options may be chosen on the product page\t<\/span>\n<\/li>\n<li class=\"product type-product post-452 status-publish instock product_cat-uncategorized has-post-thumbnail shipping-taxable purchasable product-type-variable\">\n\t<a href=\"https:\/\/cintatex.com.ar\/principal\/producto\/raso-simple-faz-lunares\/\" class=\"woocommerce-LoopProduct-link woocommerce-loop-product__link\"><img loading=\"lazy\" decoding=\"async\" width=\"300\" height=\"300\" src=\"https:\/\/cintatex.com.ar\/principal\/wp-content\/uploads\/2024\/06\/portada-lunares-300x300.jpg\" class=\"attachment-woocommerce_thumbnail size-woocommerce_thumbnail\" alt=\"RASO SIMPLE FAZ LUNARES\" srcset=\"https:\/\/cintatex.com.ar\/principal\/wp-content\/uploads\/2024\/06\/portada-lunares-300x300.jpg 300w, https:\/\/cintatex.com.ar\/principal\/wp-content\/uploads\/2024\/06\/portada-lunares-100x100.jpg 100w\" sizes=\"(max-width: 300px) 100vw, 300px\" \/><h2 class=\"woocommerce-loop-product__title\">RASO SIMPLE FAZ LUNARES<\/h2>\n\t<span class=\"price\"><span class=\"woocommerce-Price-amount amount\"><bdi><span class=\"woocommerce-Price-currencySymbol\">&#36;<\/span>&nbsp;0,00<\/bdi><\/span><\/span>\n<\/a><a href=\"https:\/\/cintatex.com.ar\/principal\/producto\/raso-simple-faz-lunares\/\" aria-describedby=\"woocommerce_loop_add_to_cart_link_describedby_452\" data-quantity=\"1\" class=\"button product_type_variable add_to_cart_button\" data-product_id=\"452\" data-product_sku=\"\" aria-label=\"Eleg\u00ed las opciones para &ldquo;RASO SIMPLE FAZ LUNARES&rdquo;\" rel=\"nofollow\">Seleccionar opciones<\/a>\t<span id=\"woocommerce_loop_add_to_cart_link_describedby_452\" class=\"screen-reader-text\">\n\t\tThis product has multiple variants. The options may be chosen on the product page\t<\/span>\n<\/li>\n<li class=\"product type-product post-504 status-publish instock product_cat-uncategorized has-post-thumbnail shipping-taxable purchasable product-type-variable\">\n\t<a href=\"https:\/\/cintatex.com.ar\/principal\/producto\/raso-simple-faz-rayas\/\" class=\"woocommerce-LoopProduct-link woocommerce-loop-product__link\"><img loading=\"lazy\" decoding=\"async\" width=\"300\" height=\"300\" src=\"https:\/\/cintatex.com.ar\/principal\/wp-content\/uploads\/2024\/06\/RAYAS-300x300.jpg\" class=\"attachment-woocommerce_thumbnail size-woocommerce_thumbnail\" alt=\"RASO SIMPLE FAZ RAYAS\" \/><h2 class=\"woocommerce-loop-product__title\">RASO SIMPLE FAZ RAYAS<\/h2>\n\t<span class=\"price\"><span class=\"woocommerce-Price-amount amount\"><bdi><span class=\"woocommerce-Price-currencySymbol\">&#36;<\/span>&nbsp;0,00<\/bdi><\/span><\/span>\n<\/a><a href=\"https:\/\/cintatex.com.ar\/principal\/producto\/raso-simple-faz-rayas\/\" aria-describedby=\"woocommerce_loop_add_to_cart_link_describedby_504\" data-quantity=\"1\" class=\"button product_type_variable add_to_cart_button\" data-product_id=\"504\" data-product_sku=\"\" aria-label=\"Eleg\u00ed las opciones para &ldquo;RASO SIMPLE FAZ RAYAS&rdquo;\" rel=\"nofollow\">Seleccionar opciones<\/a>\t<span id=\"woocommerce_loop_add_to_cart_link_describedby_504\" class=\"screen-reader-text\">\n\t\tThis product has multiple variants. The options may be chosen on the product page\t<\/span>\n<\/li>\n<li class=\"product type-product post-927 status-publish last instock product_cat-uncategorized has-post-thumbnail shipping-taxable purchasable product-type-variable\">\n\t<a href=\"https:\/\/cintatex.com.ar\/principal\/producto\/bandera-copy\/\" class=\"woocommerce-LoopProduct-link woocommerce-loop-product__link\"><img loading=\"lazy\" decoding=\"async\" width=\"300\" height=\"300\" src=\"https:\/\/cintatex.com.ar\/principal\/wp-content\/uploads\/2024\/06\/CINTA-FRAZADA-300x300.jpg\" class=\"attachment-woocommerce_thumbnail size-woocommerce_thumbnail\" alt=\"FRAZADA\" \/><h2 class=\"woocommerce-loop-product__title\">FRAZADA<\/h2>\n\t<span class=\"price\"><span class=\"woocommerce-Price-amount amount\"><bdi><span class=\"woocommerce-Price-currencySymbol\">&#36;<\/span>&nbsp;0,00<\/bdi><\/span><\/span>\n<\/a><a href=\"https:\/\/cintatex.com.ar\/principal\/producto\/bandera-copy\/\" aria-describedby=\"woocommerce_loop_add_to_cart_link_describedby_927\" data-quantity=\"1\" class=\"button product_type_variable add_to_cart_button\" data-product_id=\"927\" data-product_sku=\"\" aria-label=\"Eleg\u00ed las opciones para &ldquo;FRAZADA&rdquo;\" rel=\"nofollow\">Seleccionar opciones<\/a>\t<span id=\"woocommerce_loop_add_to_cart_link_describedby_927\" class=\"screen-reader-text\">\n\t\tThis product has multiple variants. The options may be chosen on the product page\t<\/span>\n<\/li>\n<\/ul>\n<\/div>\t\t\t\t<\/div>\n\t\t\t\t<\/div>\n\t\t\t\t\t<\/div>\n\t\t\t\t<\/div>\n\t\t\t\t<\/div>\n\t\t","protected":false},"excerpt":{"rendered":"<p>PRODUCTOS Agreg\u00e1 productos a tu carrito y envianos tu pedido. Nosotros te vamos a enviar tu presupuesto a la brevedad.<\/p>\n","protected":false},"author":1,"featured_media":0,"parent":0,"menu_order":1,"comment_status":"closed","ping_status":"closed","template":"","meta":{"footnotes":""},"class_list":["post-189","page","type-page","status-publish","hentry"],"blocksy_meta":[],"_links":{"self":[{"href":"https:\/\/cintatex.com.ar\/principal\/wp-json\/wp\/v2\/pages\/189","targetHints":{"allow":["GET"]}}],"collection":[{"href":"https:\/\/cintatex.com.ar\/principal\/wp-json\/wp\/v2\/pages"}],"about":[{"href":"https:\/\/cintatex.com.ar\/principal\/wp-json\/wp\/v2\/types\/page"}],"author":[{"embeddable":true,"href":"https:\/\/cintatex.com.ar\/principal\/wp-json\/wp\/v2\/users\/1"}],"replies":[{"embeddable":true,"href":"https:\/\/cintatex.com.ar\/principal\/wp-json\/wp\/v2\/comments?post=189"}],"version-history":[{"count":88,"href":"https:\/\/cintatex.com.ar\/principal\/wp-json\/wp\/v2\/pages\/189\/revisions"}],"predecessor-version":[{"id":2423,"href":"https:\/\/cintatex.com.ar\/principal\/wp-json\/wp\/v2\/pages\/189\/revisions\/2423"}],"wp:attachment":[{"href":"https:\/\/cintatex.com.ar\/principal\/wp-json\/wp\/v2\/media?parent=189"}],"curies":[{"name":"wp","href":"https:\/\/api.w.org\/{rel}","templated":true}]}}